7. Let t = b - -11. Let o(d) = 3*d - 5. Let c be o(t). What is the greatest common factor of 104 and c?
13
Let b(u) = -u - 2. Let m be b(-13). Suppose -2*s + 55 = 3*s. What is the greatest common divisor of m and s?
11
Let c = -26 - -22. Let y be (196/35)/(c/(-10)). Calculate the highest common factor of y and 2.
2
Suppose 6 - 1 = 5*n. Let k(r) = -r**2 + 8*r + 6. Let f be k(8). Suppose -5*c - f = -16. Calculate the greatest common divisor of n and c.
1
Let z = 7 + -5. Suppose z*v - 120 = -0*v. Calculate the greatest common divisor of v and 24.
12
Suppose c - 32 = 23. Calculate the highest common factor of c and 165.
55
Let h be (-4)/2*(-84)/3. Calculate the highest common divisor of h and 8.
8
Let v be 179/6 - 7/(-42). What is the greatest common factor of 6 and v?
6
Let r = -28 - -18. Let m(s) = 6*s - 2. Let t be m(4). Let n = r + t. What is the highest common factor of 60 and n?
12
Let j be 595/28 + -5 + (-1)/4. What is the highest common divisor of 8 and j?
8
Let k(d) = 11*d**2. Let q be k(-1). Calculate the greatest common divisor of 1 and q.
1
Let c be ((-3)/2)/(60/(-7000)). What is the highest common divisor of 35 and c?
35
Suppose -26 = -5*g - 4*l, 4*g - 5*l = -0*l - 12. Calculate the greatest common divisor of 3 and g.
1
Let i be 44 - (-3 - (-1 - 1)). Suppose -2*o - 25 = 3*o. Let q be (-7)/(70/36)*o. What is the highest common divisor of i and q?
9
Suppose -5*n = -3*s + 69, -7 = 5*s - 3*n - 106. Calculate the greatest common factor of 9 and s.
9
Suppose 0 = 5*c - 0*h + 4*h - 33, 0 = -3*c + 2*h + 11. Calculate the greatest common factor of c and 5.
5
Let c(p) = 3*p + 1. Let q be c(2). Suppose q = 3*r - 26. Calculate the highest common factor of 121 and r.
11
Suppose 4*k = 2*k + 20. Let a = 18 - k. Suppose 0 = -2*v - 2*v + 128. What is the greatest common factor of a and v?
8
Let k = 36 - 11. Let o be k/10 + 2/4. What is the greatest common divisor of o and 15?
3
Suppose -2*l - 55 = -7*l - 5*q, 58 = 5*l + 2*q. Let r = 21 - 13. What is the greatest common factor of l and r?
4
Let o(z) = -z**2 + 10*z - 6. Let i be o(4). Let s = -3 + 2. Let p be s + -1 + 2*7. What is the highest common divisor of p and i?
6
Let q(d) = -35*d**3 + d**2. Let c be q(1). Let u be (-1139)/c + 3/2. What is the highest common factor of u and 35?
35
Let i = 36 + -15. Calculate the greatest common factor of i and 3.
3
Let a(j) = -j**2 + 14*j - 4. Let o be a(8). What is the greatest common divisor of o and 11?
11
Let t(u) = -u**3 + 7*u**2 + 20*u - 9. Let n be t(9). Calculate the highest common factor of n and 9.
9
Let z(p) = -p**2 - 7*p + 1. Let l be z(-6). Calculate the greatest common divisor of 56 and l.
7
Suppose -j - 3*j = -5*s + 131, 3*j = 4*s - 104. What is the greatest common divisor of s and 69?
23
Let j(g) = 170*g**2 - 1. Let d be j(-1). Calculate the highest common divisor of 13 and d.
13
Let f be ((-40)/30)/(-2) - (-194)/6. What is the greatest common factor of f and 66?
33
Suppose -4*s = -p + 35 + 3, 0 = 3*p + 2*s - 44. What is the highest common factor of 54 and p?
18
Suppose -o - 5 = -0*o. Let s be ((-144)/15)/3*o. What is the greatest common factor of 4 and s?
4
Let z be (-15 - -7)/(((-1)/(-9))/(-1)). What is the highest common factor of 24 and z?
24
Let u be 15/(-6) - (-2)/4. Let w = -14 - u. Let p be w/(-15)*30/2. Calculate the greatest common divisor of p and 12.
12
Suppose 3*o - 2 = -5. Let d be o - 0 - (-2 - 0). What is the greatest common divisor of d and 4?
1
Let w be ((-2)/3)/((-8)/12). Let j be -5*(36/(-15))/w. Suppose -12 = -0*s - 3*s + 3*b, j = 4*b. What is the greatest common factor of 14 and s?
7
Let d(r) = 3*r**3 + 2*r**2 - 3*r + 1. Let q be d(2). Suppose 0 = 4*b - q - 5. Calculate the greatest common divisor of 80 and b.
8
Let c be -120 + 1 + (3 - 6). Let q be 3*-1 - (c - -2). Calculate the greatest common factor of q and 13.
13
Suppose -i = -2*i + 2. Suppose -j = 3*j - 40. What is the greatest common divisor of j and i?
2
Suppose -5*h + 6 = -49. Calculate the highest common divisor of h and 99.
11
Suppose 3*t - 6*y - 75 = -y, 0 = -3*y + 9. What is the highest common factor of t and 12?
6
Suppose 2*v - 2*p - 5 = 7, 0 = 3*v - 4*p - 22. Suppose 0 = -d - y + 26 + 107, 4*d - 532 = v*y. Calculate the greatest common factor of d and 19.
19
Let c be 28 - (0 + -5 - -3). Suppose -2*b = 3*y - 93, 2*y + 226 = 5*b + 3*y. Calculate the highest common divisor of c and b.
15
Suppose p + 2 = 6. Let i be (p/5)/(1/25). Suppose -5 = -3*k + 10. What is the greatest common divisor of i and k?
5
Let i be 41 - (-3 + 15)/4. What is the highest common divisor of 19 and i?
19
Let u be (-1)/5 + (-280)/(-25). Let x = u + -2. What is the highest common divisor of 1 and x?
1
Let k = 675 - 307. Calculate the highest common factor of 16 and k.
16
Let h = 15 + -10. Suppose -h*j - 4 = -3*f + 14, 3*f + 5*j + 12 = 0. Calculate the greatest common divisor of 2 and f.
1
Suppose 0*b - 21 = -3*b. Let r = 11 - b. Suppose p = -r*p + 80. What is the greatest common divisor of 4 and p?
4
Let m(q) = -q**3 - 10*q**2 - 9*q + 2. Let u be m(-9). Let n be -4 - (-24)/(8/u). Calculate the greatest common divisor of 18 and n.
2
Let i be (1 + 2 - 4) + 22. Let s(t) = 9*t - 5. Let g be s(4). Suppose -3 = 2*b - g. What is the highest common factor of i and b?
7
Let t = -9 + 63. Let j = -10 - -28. Let g be (2 - 0)/(4/j). Calculate the greatest common divisor of g and t.
9
Let t(r) = -6*r - 17. Let m be t(-12). What is the highest common factor of 11 and m?
11
Suppose -7 = 3*x + 2, -5*f + 335 = -5*x. Calculate the highest common factor of 16 and f.
16
Suppose -25*t + 4 = -23*t. Let l(z) = 6*z**2 - 3*z + 5. Let u be l(t). What is the greatest common divisor of 69 and u?
23
Let w = -15 - -27. Let z(j) = 3*j**2 - 5*j - 4. Let a be z(4). Calculate the greatest common divisor of w and a.
12
Let q be ((-1)/(-3))/(4/84). Suppose 2*a + f = 3*a - 50, -4*f - 53 = -a. What is the greatest common divisor of q and a?
7
Let z(c) = -c**2 - 5*c + 2. Let j be z(-4). Suppose 15 = -3*x, l - x = x + 12. Calculate the highest common factor of l and j.
2
Let q be 20/6 + 4/(-12). Let x = 13 + q. Let h = 12 + -4. Calculate the highest common divisor of h and x.
8
Let j(f) = -8*f - 8. Let m(q) = -q - 1. Let s(w) = 5*j(w) - 35*m(w). Let g be s(-6). What is the greatest common divisor of g and 10?
5
Suppose 4*v + 3*o - 23 = 0, -v + o = -4*v + 11. Let x = -179 - -29. Let f be x/(-9)*(v - -1). Calculate the highest common factor of 10 and f.
10
Suppose 3*i = -y + 236, i - 454 = -2*y + 4*i. Calculate the highest common factor of y and 92.
46
Let p(x) = x**2 - 4*x + 1. Let z be p(6). Let f = -7 + z. Let j(g) = g**2 - 3*g - 8. Let m be j(f). What is the highest common divisor of m and 5?
5
Let a be (-2)/(-3) - (-523)/3. Suppose -3*r - a = -634. What is the highest common divisor of r and 17?
17
Suppose -m - 4*m - 4 = 2*k, -4 = 2*k + m. Let b(a) = -5*a - 3. Let o be b(k). Suppose -2*u = -4*u + 14. What is the greatest common factor of o and u?
7
Suppose 7 = 6*x - 17. What is the highest common divisor of 2 and x?
2
Let z = 20 + -8. Suppose i = -2 - 14. Let g be 1*z*(-12)/i. What is the highest common factor of 99 and g?
9
Let y = 56 + -42. Let l = 224 + -120. Suppose 2*p = 300 - l. Calculate the highest common divisor of y and p.
14
Let p be (-1)/4 - 692/(-16). Suppose 5*a - 133 = -p. Suppose 6 = -n - 2*n + 4*o, 3*n + 4*o = a. Calculate the highest common divisor of n and 2.
2
Let f(r) = -3*r - 10. Let o be f(-7). Calculate the highest common factor of o and 99.
11
Suppose 3*i = -i + 64. Let l = i + 1. What is the greatest common factor of 153 and l?
17
Suppose 2*y - 2 = -0*g - 2*g, 19 = -5*g + 3*y. Let n be (-8)/3*(-1 + g). Calculate the highest common divisor of 12 and n.
4
Let c = -6 + 2. Let w be ((-2)/c)/1*-66. Let d = -21 - w. What is the greatest common factor of 24 and d?
12
Let l(y) = -y**2 + 16*y - 55. Let v be l(7). Let q(x) = -4*x**3 + x**2 + 2*x + 1. Let p be q(-1). Calculate the greatest common factor of p and v.
4
Let s be (-150)/(-22) + (-6)/198*-6. What is the greatest common divisor of s and 35?
7
Let b = 71 + -41. Let g = 4 - 10. Let j(p) = -p**3 - 6*p**2 - 2*p - 2. Let l be j(g). Calculate the greatest common divisor of l and b.
10
Let b = 23 + -18. Let d(s) = -s**2 + 8*s - 1. Let a be d(b). What is the